- 11. Suppose -3*c - c = 20. What are the prime factors of m(c)?
59
Suppose -3*z - 2*g = -0*z - 291, 5*z + g = 492. List the prime factors of z.
3, 11
Let w(d) = 294*d - 4. List the prime factors of w(1).
2, 5, 29
Let x = 37 + -4. Suppose 3*d + 0*d - 51 = -5*k, 3*d = -3*k + x. Let f(o) = o**2 - 9*o + 2. What are the prime factors of f(k)?
2
Let j(l) = -l**2 - 10*l - 4. Let m be j(-10). List the prime factors of (4 - (m - -11)) + (3 - -2).
2
Suppose -6 = -c - 2*c. Suppose -5 = y - 3*p, -3 + 5 = -y + c*p. Let q(w) = 8*w + 6. What are the prime factors of q(y)?
2, 19
Let k(b) = -b**2 + 6*b + 10. Let s be k(7). Suppose -2*d + 5*m = -3*d - 27, 0 = s*d + 4*m + 92. What are the prime factors of (d/(-12))/((-2)/(-3))?
2
Suppose -4*t = -6*t - 8. List the prime factors of t/3*9/12*-106.
2, 53
Let q(c) = -4 + 11 + c**3 - 3*c**2 - 2*c**3 + 11*c**2 - 6*c. What are the prime factors of q(5)?
2, 13
Let f = -54 - -29. Let v = 10 - f. List the prime factors of v.
5, 7
Let c(t) = 5*t**2 + 2*t + 11. What are the prime factors of c(8)?
347
Suppose 58*b - 138794 = 149060. What are the prime factors of b?
7, 709
Let u(w) = -w**3 + 5*w**2 + 7*w - 2. Let a be u(6). Suppose 318 = a*x - x. What are the prime factors of x?
2, 53
Suppose -20*c = -22*c + 394. What are the prime factors of c?
197
Let p be ((-22)/5)/(4/(-10)). Suppose 4*q - 3*y = -p + 123, 0 = 5*y. What are the prime factors of q?
2, 7
Suppose 0 = 63*m - 55*m - 4448. List the prime factors of m.
2, 139
Let d(v) = 21*v - 137. Let q(x) = 14*x - 91. Let r(c) = 5*d(c) - 8*q(c). What are the prime factors of r(-8)?
3, 11
Suppose 0 = 26*w - 27*w + 3044. List the prime factors of w.
2, 761
Suppose -f + 377 = 94. What are the prime factors of f?
283
Let o = 33 + 40. Let f = 140 - o. What are the prime factors of f?
67
What are the prime factors of (2 + 10)*5*9142/105?
2, 653
Suppose 27*r - 24640 = -5632. List the prime factors of r.
2, 11
Suppose 72*x = 67*x - 345. Suppose 0 = v + 3*i + 28, -4*v + 2*i - 154 = -28. Let w = v - x. What are the prime factors of w?
2, 19
Suppose x + 14 = -2. Let z = x - -18. Let a(l) = 8*l**2 + 3*l - 2. What are the prime factors of a(z)?
2, 3
Suppose 0 = 11*x - 17730 - 9924. List the prime factors of x.
2, 3, 419
Suppose -x + 5 = -0*x. Suppose 0 = -2*m + 5*m - x*o - 208, -2*m - 5*o = -122. List the prime factors of m.
2, 3, 11
Let q = 4 + -5. List the prime factors of (q - -2)/((-6)/(-438)).
73
Let d(l) = -l**3 - 5*l**2 + 6*l + 3. Let f be d(-6). Suppose -5*t = f*i - 31, 0 = -i + 5*t - 12 - 11. Suppose -i*b = -13 - 39. What are the prime factors of b?
2, 13
Let k(f) = 322*f + 8. Let g be k(2). Suppose -10*t + 12*t = g. List the prime factors of t.
2, 163
Suppose -5*c + 3*d + 383 = -3661, 5*c + 3*d = 4056. List the prime factors of c.
2, 3, 5
List the prime factors of ((-1412)/(-3) + 0)*6.
2, 353
Let l = 227 - 122. What are the prime factors of l?
3, 5, 7
Let v(x) = 214*x - 150. What are the prime factors of v(11)?
2, 19, 29
Let z(v) be the first derivative of 21*v**2/2 + v + 7. Suppose -5*n - 3 = 4*f, 4*n - 2*n - 12 = 5*f. What are the prime factors of z(n)?
2, 11
Suppose 6*g - g = -315. Let f = -14 - g. List the prime factors of f.
7
Suppose x - 6*x = -455. Suppose 481 - x = 3*f. List the prime factors of f.
2, 5, 13
Let l = 8 + 14. Let y be -1 - -1 - (l - -16). List the prime factors of (74/(-4))/(19/y).
37
Suppose -3*g = 20 + 13. Let z = g - -131. List the prime factors of z.
2, 3, 5
Suppose 8 = 5*r - 2*d - 12, 5*d + 12 = 3*r. Suppose 32*g - 33*g + 90 = 0. Suppose 5*m + 4*u + u - g = 0, 2*m = r*u + 48. List the prime factors of m.
2, 5
Suppose -3*w + 966 = 3*z + 210, -1003 = -4*w - 3*z. List the prime factors of w.
13, 19
Suppose 4*a - z = 79, -5 + 21 = a - 4*z. Suppose 2*u - 84 = 2*f, 0 = -3*f - f + a. List the prime factors of u.
47
Let c = -1162 - -2059. List the prime factors of c.
3, 13, 23
Let x be 111/2 + (-1)/(-2). Suppose 3*o = 7*o - x. Suppose -o = -4*r + 4*v - 2, 2*r - 11 = -3*v. What are the prime factors of r?
2
List the prime factors of 3880/(-194)*(-19)/2.
2, 5, 19
Suppose 3 = -p, 3*p = -3*f - p + 234. Suppose r + 172 = -5*k - 47, k - 5*r + 49 = 0. Let c = k + f. List the prime factors of c.
2, 19
Let s be 0*(1 - (0 - (-2)/4)). Suppose -5*x + 4*v + 45 + 44 = s, v + 59 = 3*x. List the prime factors of x.
3, 7
Let c = -29 - -15. Let j = c + 17. Suppose 0*d - j*d = -33. What are the prime factors of d?
11
Let l(w) = w**3 + 16*w**2 - 18*w - 38. What are the prime factors of l(-16)?
2, 5
Let w(j) = 78*j - 6. Let k be 0/3 - 3 - 4*-1. List the prime factors of w(k).
2, 3
Let p(h) = 11*h - 3. Let k be p(-3). Suppose 221 = 13*r - 520. Let x = r + k. List the prime factors of x.
3, 7
Let b be (21/4)/((-6)/(-80)). Let l be 1/(2/(2 + b)). Suppose l = r + 3*r. List the prime factors of r.
3
Suppose 3*h + 17 = -4*i - 92, -4*i + 4*h - 88 = 0. Let q = -22 - i. What are the prime factors of q?
3
Suppose y = -3*y + 460. Let s = -75 + y. Suppose 6*r - s = r. What are the prime factors of r?
2
Suppose 0 = -4*y + 7 + 5. Suppose -8 = o - 2*i, y*o - i + 20 = 1. Let c = 7 - o. List the prime factors of c.
13
Let j = 97 - 80. Let z(l) = -l**3 + 17*l**2 + 2*l + 37. What are the prime factors of z(j)?
71
Suppose 142*n - 136*n - 20478 = 0. What are the prime factors of n?
3413
Suppose -d - 5 = 0, 4*d - 9*d + 582 = z. List the prime factors of z.
607
Suppose -12*d + 2031 = 4*p - 11*d, 4*d - 12 = 0. What are the prime factors of p?
3, 13
Let p(h) = -2*h**3 + 2*h**2 + 4. Let z be p(2). Let c(q) = -4*q**3 - 5*q**2 - 7*q - 4. Let n be c(z). Suppose 5*o = o + n. List the prime factors of o.
2, 5
Let r(p) = -p**3 + 8*p**2 - 5*p - 2. Suppose 4*z = z + 9. Suppose -z*o + 23 - 5 = 0. List the prime factors of r(o).
2, 5
Let w(x) be the third derivative of x**6/120 - 11*x**5/60 - 5*x**4/24 - 2*x**3 - 7*x**2. What are the prime factors of w(12)?
2, 3
Let w = -3 + 9. Let f(h) = 1 + 2*h - 10 - w*h - 5. List the prime factors of f(-6).
2, 5
Let v = 119 - 176. Let p = v - -162. List the prime factors of p.
3, 5, 7
Let k(v) = 91*v**2 + 2*v - 2. Let s be k(1). Suppose -m = -3*q + s, -5*m = 3*q + 2*q - 145. What are the prime factors of q?
2, 3, 5
Suppose 2*d - 8 = 4. Suppose 0 = 5*u - d*u. Suppose u*r = -3*r + 81. List the prime factors of r.
3
Let g(r) = -31*r - 2. Let c = 5 + -2. Suppose c*k = -k - 4. List the prime factors of g(k).
29
Suppose -520 - 271 = -k. List the prime factors of k.
7, 113
Let m(l) = -12*l - 4*l**2 + l + 3 + 3*l**2. Let c be m(-11). Suppose -4*s + c*s = -2*y - 16, 0 = y. List the prime factors of s.
2
Let h(t) = 18*t - 25. Suppose -2*p + 7 = 4*j - 5, -j - 63 = -5*p. List the prime factors of h(p).
191
Let v = -1707 - -2485. List the prime factors of v.
2, 389
Let s(d) = 6*d - 10. Let r be s(8). Suppose -4*f + x - 13 = 55, -3*f + 4*x = r. What are the prime factors of 330/8 - f/24?
2, 3, 7
Let p be 1568/21 + 2/(-3) + 0. Let y = 7 - 50. Let h = y + p. What are the prime factors of h?
31
Let o(k) = -817*k + 152. Let f(r) = -16*r + 3. Let p(b) = 152*f(b) - 3*o(b). Suppose -7*n + 4*n = -3. What are the prime factors of p(n)?
19
Let o(t) be the third derivative of -3*t**4/8 - 2*t**3/3 - 3*t**2. Suppose f + 20 = -2*q - 4*f, -2*f + 16 = -4*q. List the prime factors of o(q).
41
Suppose -1386 = -35*p + 28*p. What are the prime factors of p?
2, 3, 11
Let k be (-30)/9*(-9)/5. Let u = 17 - k. List the prime factors of 1 + 20 + 33/u.
2, 3
Let b(w) = w**2 + 19*w - 80. Let a be b(4). Suppose -m + 3 = -2*d - 2*m, -4*m = 3*d + 2. Let i = a - d. What are the prime factors of i?
2, 7
Let a = -724 + 3749. List the prime factors of a.
5, 11
Let w(h) = 4*h**2 + 30*h - 23. Let i be w(-14). Suppose 0 = -4*y + 335 + i. What are the prime factors of y?
13
Suppose 8680 = -479*y + 486*y. What are the prime factors of y?
2, 5, 31
Suppose -2*v - 2*p + 6 = -6, 2*v = p + 3. Suppose v*j - 3*o - 18 = 0, 2*o - 1 = 5*j - 22. Suppose 0 = j*x - 7*x + 32. List the prime factors of x.
2
Suppose -40*p + 33698 = -17582. List the prime factors of p.
2, 641
Let y(n) be the second derivative of n**6/360 + n**5/120 - n**4/12 - n**3/6 + n. Let r(t) be the second derivative of y(t). What are the prime factors of r(4)?
2, 3
Let a = -174 + 339. List the prime factors of a.
3, 5, 11
Let p(k) = -2*k**3 - 20*k**2 + 4*k - 14. Let n be p(